*6/60 + 7*a**5/30 + a**4/4 - 47*a**3/6 - a**2 - 20*a + 2. Calculate k(7).
-5
Let n(u) = 6*u**2 - 2*u - 2. Suppose -25*o = 41 + 9. What is n(o)?
26
Let g(k) = -43*k**2 - 5*k + 2. Let x(s) = 93*s**2 + 11*s - 3. Let p(j) = -5*g(j) - 2*x(j). Determine p(1).
28
Let g = 5903 + -5892. Let l(t) = t**3 - 8*t**2 - 33*t + 5. Give l(g).
5
Suppose 2*u + 15 = -5*l, -36*u + 39*u + 5*l + 25 = 0. Let o(t) = -4*t - 14. What is o(u)?
26
Let g(b) be the first derivative of -3*b**5/20 + 4*b**3 - b**2 + 3. Let q(m) be the third derivative of g(m). Give q(-2).
36
Let m be (1/(-2))/((-21)/(-24) - 1). Let q(k) = -m + 5*k + 5 + 4. What is q(-6)?
-25
Let o(d) = -25. Let f(u) = -u + 56. Let a(k) = f(k) + 2*o(k). Suppose 0 = l - 4, h - 8 - 16 = -5*l. Determine a(h).
2
Let x(j) = 3*j**2 - 519 + 514 - 2*j**2 + 0*j**2 - 9*j - 2*j**2. Let q = -2 + -5. Give x(q).
9
Let a be -1 - -1*129/(-15) - (-450)/(-1125). Let g(p) = -3*p + 13. Give g(a).
43
Let t(j) be the second derivative of -8*j**3/3 - 385*j**2/2 + 5790*j. Determine t(-24).
-1
Suppose 9*h + 44 = 14*h + 4*j, -2*h = -3*j + 10. Let m(w) = 2*w - 21. Determine m(h).
-13
Let z(b) be the first derivative of b**6/360 + 7*b**5/120 + b**4/24 + 83*b**3/3 + 15. Let n(t) be the third derivative of z(t). Calculate n(-5).
-9
Let z(w) be the first derivative of w**4/2 + 8*w**3/3 + w**2/2 + 4*w - 2151. What is z(-4)?
0
Let a(d) = 0*d**2 + 13*d**2 + 3*d + 5*d**2 - 6044 + 6045 - 6*d**2. Determine a(-1).
10
Suppose 0 = 6*a + 24*a - 0*a - 90. Let d(z) = -10*z - 10. Calculate d(a).
-40
Let z(t) = -t**2 + 11*t - 5. Let a = 39 + -24. Let f be (-5)/(a/(-6))*5. What is z(f)?
5
Let w(r) = -r**2 - 6*r + 60. Suppose 15*h = -3556 + 3391. Give w(h).
5
Let a(b) = -7*b**3 - 23*b**2 - 17*b - 27. Let q be a(-3). Let n(v) = 2*v**3 - 15*v**2 + 24*v - 43. Determine n(q).
-7
Suppose 802*r - 803*r + 2 = 0. Suppose -7*h + 2*h = -o - 11, h + 4*o = -r. Let g(p) = -p**3. Determine g(h).
-8
Suppose -3*v + 24 = 23*i - 20*i, 2*v = -4*i. Let a(p) = p**2 - 17*p - 23. Calculate a(v).
-39
Let g be (-1)/((3/2)/(-3)). Let r(o) = -59*o - 57. Let k be r(-1). Let a(u) = 23*u + 26*u**k - 22*u - 25*u**2. Give a(g).
6
Let c(w) = 11*w**3 - 8*w**2 - 23*w - 30. Let s(k) = -2*k**3 + 2*k**2 + 5*k + 1. Let p(n) = -c(n) - 6*s(n). Give p(4).
-4
Let u be ((-2)/(-3))/((-14)/(-11949)). Let q(d) = -11*d**2 + u + d**2 - 3*d - 568. Give q(-1).
-6
Let z(n) = 12 + n**2 + 4 - 10*n + n - 8. Suppose -8*i - 6 = -11*i. Suppose -i*r + 18 = r. Give z(r).
-10
Let q(z) = z**2 + 14*z - 14. Let d(r) = 1 - 51*r + 0 - 4 + 7*r - 11. Let a be d(0). Calculate q(a).
-14
Let q(t) be the second derivative of t**5/20 + t**4/6 - 5*t**3/3 + 7*t**2/2 + 924*t + 2. Give q(-5).
-18
Let c(p) = 28*p + 248. Let i = -5211 + 5202. Calculate c(i).
-4
Let m(r) be the first derivative of -r**3 - 9*r**2/2 + 2*r - 1311. Determine m(-3).
2
Let g(k) = 4*k + 6. Let x be g(-1). Let b be 126/26 - x/(-13). Suppose -10*l = -b - 45. Let m(w) = -2*w**2 + 6*w - 5. Give m(l).
-25
Let a(n) = n**2 + 57*n + 1. Let p(j) = 3*j**2 + 109*j - 34. Let c(z) = -2*a(z) + p(z). What is c(9)?
0
Let l(m) be the third derivative of m**6/120 + 2*m**5/15 + m**4/3 - m**3/2 + 2*m**2 - 42*m. Suppose 2*q + 6 = 0, -5*q + 9 = -i - 3*i. Give l(i).
21
Let t(x) = -x**3 + 2 + 2*x**2 - 3 + 3*x - 3. Let b(s) be the third derivative of -s**6/120 - s**5/6 - 3*s**4/8 + s**3/2 - 7*s**2 + 2. Let o be b(-9). Give t(o).
-4
Let b(c) = -2*c**2 - 29*c - 59. Let w be b(-3). Let n(m) = m**3 - 10*m**2 - m + 39. What is n(w)?
29
Suppose -59 = -8*q - 11. Let x(s) = -s + 10. Let y be x(q). Let l(f) = f + 1. What is l(y)?
5
Let w(s) = -21*s**3 - 3*s**2 - 45*s + 20. Let d(z) = 11*z**3 + 2*z**2 + 25*z - 11. Let p(l) = 9*d(l) + 5*w(l). Give p(1).
-2
Let a be (5/25 + 58/(-240))/(3/(-12)). Let d(k) be the second derivative of 0 + 0*k**2 - 5/6*k**3 - a*k**4 - 14*k. Give d(-4).
-12
Let d(j) be the third derivative of 2*j + 0 + 6*j**2 + 2/3*j**3 + 1/12*j**4. What is d(7)?
18
Let w(i) = i**2 + 14*i + 5. Let r be w(-12). Let v = -7 - r. Let m(p) = 22 + 0*p + p - v. Calculate m(-7).
3
Suppose t = 3*u + 14, -180*u + 42 = 3*t - 184*u. Let w(v) = -v**3 + 14*v**2 - v - 23. Calculate w(t).
-37
Let b(j) = 13 + 25*j + 3*j**2 + 4*j**2 - 23*j + 2*j**2 + j**3 - 5*j**2. What is b(-4)?
5
Let l be (-16)/(-44)*22/4. Suppose -l*k = -38 + 36. Let h(v) = v**2 - 3*v + 1. What is h(k)?
-1
Let h(v) = 2*v + 2. Suppose 23*n - 27*n = -3*d + 60, 2*d + 16 = -2*n. Determine h(n).
-22
Let s(h) = h**3 + 4*h**2 - 3*h + 7. Let m = 70 + 19. Suppose -3*g - 29 = -m. Let x be (6/4)/(3 - 66/g). Calculate s(x).
-3
Let w(s) = s**3 + 7*s**2 - 8*s + 8. Suppose -400 = -6*v + 22*v + 34*v. Determine w(v).
8
Suppose -12*d + 45 = -3. Let c(i) = 19 - d - 12 + 3*i**2 + 8*i. Calculate c(-3).
6
Let z(y) = 19*y**3 + 9*y**3 - 42*y**3 + 25*y + 13*y**3 - 11*y**2. What is z(-13)?
13
Let h(x) = -x**3 + 6 - 14*x + 3 - 16*x**2 + 5. Let n be -11 + ((-14)/(-3)*(-10)/(-35))/(241/(-723)). What is h(n)?
-1
Let r be -3 - (-14 - (3 + -9)). Suppose r*i + 45 = 3*u, -2*i = 5*u - 4*u - 4. Let k(c) = -c + 5. Determine k(u).
-5
Let q(u) = -3*u + 101. Let c(s) = -s + 35. Let h(k) = 8*c(k) - 3*q(k). Determine h(25).
2
Let c(i) be the third derivative of i**4/8 - i**3/6 + 2*i**2. Let d be (-10 - (1 - 6))*(0 - -1). Let o be 0/(-1) + (d + 3 - -4). What is c(o)?
5
Let y(i) be the third derivative of -1/12*i**4 + 1/6*i**3 + 0*i - 29*i**2 + 0. Determine y(-1).
3
Let m(r) = 5*r + 2. Suppose -24 = -2*s - 4*l, -6 = s + 4*l - 28. Suppose 3*t - s*f = 25, 0*f - 5*f + 4 = 2*t. Give m(t).
37
Let w(z) = -3*z**2 - 20*z + 10. Let o be w(-7). Suppose -9 = -3*k + o. Let v(p) = 3*p - 1. Give v(k).
11
Let z(y) = y**3 - 8*y**2 - 8*y + 20. Let q be z(9). Let u = q - 63. Let s = 32 + u. Let f(a) = -3*a. Calculate f(s).
6
Let j(f) = -24*f + 4. Let k(s) = 22*s - 5. Let x(v) = 2*j(v) + 3*k(v). Let d(c) = -6*c + 2. Let g(m) = -7*d(m) - 2*x(m). Determine g(5).
30
Let o(v) = v**2 - 3*v - 7. Suppose -586*m + 599*m - 104 = 0. Calculate o(m).
33
Suppose 3*t + 4 = -2*u, 5*t = 4*u + t + 8. Let g be u/13 + (-1139)/(-221). Let o(v) = -2*v**2 + v**3 - 1 - 2*v**2 + 3*v - 5*v**2 + g*v**2. Calculate o(2).
-3
Suppose -f = 3*p, -5*f + 0*p + 0*p = -2*p. Let h(z) be the second derivative of f*z**3 - 5/12*z**4 + 1/20*z**5 + 24*z + 0 - 7/2*z**2. Give h(5).
-7
Let n(f) be the second derivative of f**3/3 - 47*f**2/2 + 5*f + 105. Determine n(19).
-9
Let z(y) = -3*y**3 + 8*y**2 + 7*y + 6. Let a(w) = w**3 - 2*w**2 - 3*w - 1. Let n(m) = 8*a(m) + 3*z(m). Calculate n(8).
-14
Let z(c) = -c**3 + 20*c + 7. Let k be z(-4). Let x(j) = j**3 + 8*j**2 - 2*j - 13. Give x(k).
-76
Let a(u) = -u**2 - 5*u + 7. Let k = 94 - 66. Suppose -13*s + k = -6*s. Suppose 5*g - 8 = -b, -b + g + s = -2*b. Calculate a(b).
-7
Let q(z) = -2*z + 7 + 0*z + 3*z. Let j(b) = -60*b - 2935. Let i be j(-49). Determine q(i).
12
Let a(z) be the second derivative of -11*z**3/6 + 3*z**2/2 + 3*z + 1325. Give a(0).
3
Let l(h) be the first derivative of 2*h**2 - 120*h + 772. Determine l(30).
0
Let b(j) = 4*j**3 + 4*j**2 + 11*j - 68. Let l(n) = 3*n**3 + 2*n**2 + 11*n - 49. Let x(g) = -4*b(g) + 5*l(g). Give x(-7).
-1
Let l(z) = 74*z**3 - 14*z**2 + 8*z + 7. Let s(c) = -49*c**3 + 12*c**2 - 8*c - 6. Let v(p) = -2*l(p) - 3*s(p). Determine v(-6).
-116
Let y(c) = -31*c**2 + 13*c - 6. Let t(v) = 10*v**2 - 2*v - 1. Let s(u) = 3*t(u) + y(u). Calculate s(4).
3
Let y(m) be the first derivative of -14*m**3/3 - 11*m**2/2 - 22*m - 259. Let i(p) = 5*p**2 + 4*p + 8. Let x(f) = -17*i(f) - 6*y(f). What is x(-4)?
-12
Suppose -50*w = -46*w + 104. Let j = w + 35. Suppose -j = -6*i + 9. Let z(v) = -2*v**2 + 2. What is z(i)?
-16
Suppose -15*w + 34 + 26 = 0. Let j(g) = -11*g**3 - 2*g + 36020 - 36019 + w*g**3 - 4*g**2. Determine j(-2).
45
Let c(j) = -6*j + 65. Let g be c(12). Let h = 5 + g. Let s(b) = -7*b - 3. Let y(r) = -r. Let a(l) = -s(l) - 6*y(l). What is a(h)?
-23
Let z be 1/(-1)*(4 - -3 - 1922). Let s(v) = -z*v + 1913*v - 5 + v**2 - 2 + 3. Give s(-3).
11
Let a(l) be the first derivative of 5*l**4/4 - 2*l**3 - 7*l**2/2 + 4*l - 11589. Determine a(-2).
-46
Suppose 39*y = -6*y + 2790. Let x(p) = 2*p + 60*p**3 - 6 - 121*p**3 + 7*p**2 + y*p**3 + 13*p + 3*p**2. Determine x(-8).
2
Let s(h) = h**2 - 7*h - 6. Let o be s(7). Let t(y) = -86*y - 10. Let j(r) = -58*r - 8. Let n(p) = -3*j(p) 